 h and 250?
25
Let d(u) = -u**2 - 12*u + 8. Let b be d(-12). Let v be 3 - (-1)/((-1)/(-37)). What is the greatest common divisor of v and b?
8
Let v = 1585 + -1449. What is the greatest common divisor of 646 and v?
34
Suppose 0 = 3*a - 17 + 2. Suppose 13*f = a*f + 720. Let d(h) = -h**3 - h**2 + 3*h + 1. Let q be d(-3). What is the greatest common factor of q and f?
10
Suppose 13*v + 12 = 16*v. Suppose 4*j - 2*g - 70 = -26, 4*j - 32 = -v*g. Let o = -15 - -30. What is the greatest common factor of j and o?
5
Suppose -2*w - 44 = -6*w. Let p be (-1)/(((-33)/54)/w). What is the greatest common divisor of 18 and p?
18
Let r be 3/(-2)*(-10)/15. Suppose -5*h - 3*a = -404, h - 3*a - 86 = -a. Let i be h + (r - 3 - -1). What is the greatest common divisor of i and 9?
9
Let s be 3 + (-3 - (-1 - 2)). Suppose 2*d - 7 = s. Suppose -3*a - h + 25 = 0, -1 = -0*a - 3*a + d*h. What is the highest common divisor of a and 14?
7
Suppose -5*x - 1 - 14 = 0. Let g(f) = -29*f**2 + 4*f**2 + f + 6 + 34*f**2. Let j be g(x). Calculate the greatest common divisor of 21 and j.
21
Suppose 0*a = -4*a + 96. Suppose 11 = 5*o - a. What is the greatest common divisor of o and 77?
7
Let y be 1140/8*24/15. What is the highest common divisor of y and 532?
76
Let c(a) = -4*a + 1 - 3 - 3 - 2. Let f be c(-7). Calculate the highest common factor of 21 and f.
21
Let f = -7 + 14. Suppose 225 = x + 222. Suppose 19*l - 784 = x*l. Calculate the greatest common divisor of l and f.
7
Let m(a) = -a**3 + a**2 + a - 1. Let j be m(-2). Let p = -55 - 87. Let g = -115 - p. Calculate the greatest common divisor of g and j.
9
Let j be 11*(-5)/(25/(-10)). Suppose -10 - j = -p. Calculate the greatest common divisor of 32 and p.
32
Suppose 62 = 2*h + 14. Let l = -1887 + 1899. Calculate the greatest common factor of h and l.
12
Let c = 2997 - 1461. What is the greatest common divisor of 12 and c?
12
Let r be 6 + -6 - (-4 + 4). Suppose r = 2*y + 58 - 90. Suppose -5*a - 2*w + 25 = 3*w, 5*a - 15 = 5*w. What is the highest common divisor of a and y?
4
Let d(q) = -q**3 + 7*q**2 - 10*q + 3. Let o be d(5). Calculate the highest common divisor of o and 303.
3
Let a(v) = -v**3 + 12*v**2 + 4*v + 17. Let i be a(12). Calculate the greatest common factor of 52 and i.
13
Suppose 31*v + 17340 = 48*v. What is the highest common factor of 120 and v?
60
Let j be (-45)/(5*(-3 - 108/(-40))). Calculate the highest common factor of 170 and j.
10
Let l(i) = -3*i + 48. Let y be l(10). Calculate the greatest common divisor of y and 18.
18
Let r = 10 - 7. Suppose r*y + y - 132 = 0. Let c(s) = s**2 - s + 11. Let q be c(0). What is the highest common divisor of y and q?
11
Suppose -1817 + 9433 = 14*j. Calculate the highest common factor of 34 and j.
34
Let v = -1331 - 177. Let a be v/(-14) - 4/(-14). Suppose 3*z - 36 = -0*z. Calculate the greatest common factor of z and a.
12
Suppose -2*k + 132 = k. Suppose b - 2 - 2 = 0. Let q be (4 + -1)/((-12)/(-64)*b). Calculate the greatest common factor of k and q.
4
Let j(s) = 7*s - 36. Let u be j(13). Let x = 80 - u. What is the greatest common divisor of x and 5?
5
Suppose 3*w = 2*p - 7 - 7, -2*p + 4*w = -10. Let a be ((-26)/(-7))/(5/35). What is the highest common divisor of p and a?
13
Let z = -7 - -31. Suppose 2*y = -k + 22, -2*y - 9 = -5*y. Calculate the highest common factor of z and k.
8
Suppose -12 = -7*c + 23. Suppose 4*k + 0*k + c = -3*n, 0 = -5*n - 15. What is the greatest common factor of 1 and k?
1
Let k = 3770 - 3719. Let t be 1/4 - 405/(-12). Calculate the greatest common factor of t and k.
17
Let y(p) = -p**2 + 4*p + 4. Suppose 4*c - 8 = 8. Let f be y(c). Let w = 20 - f. Calculate the greatest common divisor of 4 and w.
4
Suppose 20*k = 11650 + 230. What is the greatest common divisor of 54 and k?
54
Suppose 10 = -0*z - 2*z, 0 = -4*l + 4*z + 40. Suppose -5*m = 2*d - 259, 5*m - l*d - 42 = 203. Let x = 76 - m. What is the highest common factor of x and 5?
5
Let x(k) = 2*k**2 - 6*k + 7. Let m(u) = -u**2 + 14*u + 21. Let n be m(16). Let h be x(n). Calculate the highest common factor of 35 and h.
35
Suppose -7*c - 135 = -2*c. Let i = -12 - c. Suppose 4*z = 3*z + 75. What is the highest common divisor of z and i?
15
Let q = -1860 - -1866. What is the highest common factor of 75 and q?
3
Let s(v) = 5*v - 19. Let j be s(15). Let p = -38 + j. Calculate the greatest common divisor of p and 36.
18
Let h(v) = 2*v. Let u(l) = 3*l - 4. Let z = -24 - -26. Let i be u(z). Let y be h(i). What is the greatest common divisor of 36 and y?
4
Let d(u) = u - 4. Let c be d(-11). Let h = c + 17. Suppose -3*x = h*l - 288, -2*l + x + 149 = -l. Calculate the highest common divisor of 21 and l.
21
Let g(v) = v**3 - 26*v**2 - 54*v + 52. Let f be g(28). Calculate the highest common factor of f and 6.
6
Suppose -10*o + 9*o + 300 = 0. What is the highest common divisor of 4 and o?
4
Let d(f) = -4*f - 6. Let o(h) = -3*h - 4. Let q(t) = -5*d(t) + 7*o(t). Let r be q(-5). Let y be (15/2)/(r/14). Calculate the greatest common factor of y and 3.
3
Let s(x) = -33*x + 90. Let d be s(2). Let p(b) = 53*b - 1. Let w be p(5). Calculate the highest common divisor of d and w.
24
Let k be 36/90 + (-28)/(-5). Calculate the highest common divisor of 6 and k.
6
Let u be (0 - -33)/((-102)/(-68)). Suppose 0 = -5*i - 0*i + 440. Calculate the greatest common factor of u and i.
22
Let i(v) = v + 7. Let r be i(-6). Let x = -1491 + 1498. What is the highest common factor of r and x?
1
Suppose -2*x + 891 = x. Suppose -4*b = -12, b = 3*l - b - x. Suppose 5*w - l = f, 5*w = -2*f + f + 109. What is the greatest common divisor of 7 and w?
7
Suppose 2*w = -4*o + 1692, o - 687 = -2*w + 996. Calculate the highest common factor of 120 and w.
120
Suppose -3*z + 442 = 121. Let p = -62 + z. Calculate the greatest common divisor of p and 15.
15
Let h be 1 - 3 - (-3 + -1). Let i(t) = 2*t**3 + 4*t**2 - 2*t - 2. Let f be i(h). Suppose -f = -p - p. What is the highest common divisor of p and 26?
13
Suppose 0*q = q + 3, -3*r + 1224 = -q. What is the highest common factor of 74 and r?
37
Suppose -5*s - 6*s = -22. Suppose z + 3*f - 42 = -0*z, s*f + 142 = 5*z. What is the greatest common divisor of z and 50?
10
Let b(x) = -3*x**2 + 5*x**2 - x**2 + 9 - 8*x. Let v be b(7). Suppose v*p - 55 + 23 = 0. What is the greatest common divisor of 8 and p?
8
Let b be (17/(-1) - -5)/(-1). Let v be 15/4 + 6/(-8). Let n be (72/v)/((-2)/(-8)). Calculate the highest common factor of b and n.
12
Let o(t) = -31*t + 5. Let a be o(-2). Let j = a - 35. What is the greatest common divisor of 96 and j?
32
Let m(r) = 7*r. Let l be m(4). Let g be (-87)/4*(-2 - 2/3). Let t = g - l. What is the highest common factor of 240 and t?
30
Suppose -232 = -3*x + 98. Let c(w) = 2*w - 9. Let l be c(0). Let o be (-6)/l*(66 - 0). What is the greatest common factor of x and o?
22
Let y be (8498/49 - -6) + 4/7. What is the greatest common divisor of 120 and y?
60
Suppose -3*b - 8 - 7 = 0, -2*b + 95 = 5*r. What is the greatest common factor of 147 and r?
21
Suppose -2*c = -7*c - 20. Let p be 0/(c - -5) - -21. What is the highest common divisor of p and 3?
3
Suppose 2*r = r - g - 410, 1230 = -3*r + 3*g. Let k be 1*(-4)/10 - r/25. Calculate the greatest common divisor of 144 and k.
16
Suppose -202 = -5*n - 77. Let o(g) = -130*g - 10. Let u be o(-7). Suppose 7*y - u = -2*y. Calculate the highest common divisor of y and n.
25
Let n = 108 + -54. Suppose -98 - n = -4*o. Calculate the greatest common factor of o and 114.
38
Let n be (-1020)/35*42/(-4). What is the greatest common divisor of 68 and n?
34
Let i(p) = p**3 - 35*p**2 + 63*p + 111. Let w be i(33). Calculate the highest common divisor of w and 147.
3
Suppose 0 = 3*x + 5 - 14. Suppose x*z - 5*z - o = -20, 32 = 2*z + 4*o. Calculate the highest common factor of z and 12.
4
Let x be (-3)/(-4) - (-3)/(-4). Suppose 2*w - 44 + 18 = x. What is the highest common divisor of 2 and w?
1
Let b be (-3687)/(-12) - ((-70)/8 + 8). Calculate the greatest common factor of 56 and b.
28
Let v be 5 + (-6 - -3) + -3 - -9. Suppose 10*r - 35 = 5*r. Suppose -v*g = -r*g - 1. Calculate the highest common divisor of g and 7.
1
Let y(u) = -u**3 + 5*u**2 + 5*u + 1. Let l be y(5). Suppose 6*c = 9*c - 57. Suppose 84 = 5*i + c. What is the highest common factor of i and l?